{"id":9,"date":"2017-12-15T12:00:54","date_gmt":"2017-12-15T11:00:54","guid":{"rendered":"http:\/\/linstantserein.com\/?page_id=9"},"modified":"2022-01-31T22:39:23","modified_gmt":"2022-01-31T21:39:23","slug":"linstant-serein","status":"publish","type":"page","link":"http:\/\/linstantserein.com\/","title":{"rendered":"Bienvenue"},"content":{"rendered":"<div style=\"background-repeat: no-repeat;\"><p><img decoding=\"async\" loading=\"lazy\" class=\"wp-image-200 size-medium alignright\" src=\"http:\/\/linstantserein.com\/wp-content\/uploads\/2017\/12\/cropped-orchid\u00e9e-300x300.jpg\" alt=\"\" width=\"300\" height=\"300\" srcset=\"http:\/\/linstantserein.com\/wp-content\/uploads\/2017\/12\/cropped-orchid\u00e9e-300x300.jpg 300w, http:\/\/linstantserein.com\/wp-content\/uploads\/2017\/12\/cropped-orchid\u00e9e-150x150.jpg 150w, http:\/\/linstantserein.com\/wp-content\/uploads\/2017\/12\/cropped-orchid\u00e9e-230x230.jpg 230w, http:\/\/linstantserein.com\/wp-content\/uploads\/2017\/12\/cropped-orchid\u00e9e-350x350.jpg 350w, http:\/\/linstantserein.com\/wp-content\/uploads\/2017\/12\/cropped-orchid\u00e9e-480x480.jpg 480w, http:\/\/linstantserein.com\/wp-content\/uploads\/2017\/12\/cropped-orchid\u00e9e-270x270.jpg 270w, http:\/\/linstantserein.com\/wp-content\/uploads\/2017\/12\/cropped-orchid\u00e9e-192x192.jpg 192w, http:\/\/linstantserein.com\/wp-content\/uploads\/2017\/12\/cropped-orchid\u00e9e-180x180.jpg 180w, http:\/\/linstantserein.com\/wp-content\/uploads\/2017\/12\/cropped-orchid\u00e9e-32x32.jpg 32w, http:\/\/linstantserein.com\/wp-content\/uploads\/2017\/12\/cropped-orchid\u00e9e.jpg 512w\" sizes=\"(max-width: 300px) 100vw, 300px\" \/>Bonjour \u00e0 toutes et \u00e0 tous,<\/p>\n<p>Je me pr\u00e9sente, Marion Serraz, spa praticienne, esth\u00e9ticienne, masseuse.<br \/>\nune exp\u00e9rience de 17 ans dont 7 \u00e0 Lille en tant que responsable du Spa Bain de Soi ( 2005 &#8211; 2012)<br \/>\nHeureuse d&rsquo;\u00eatre install\u00e9e en Bourgogne \u00e0 Sainte Vertu depuis 2012 !.<\/p>\n<p>&nbsp;<\/p>\n<p><span style=\"color: #301d07;\">A tr\u00e8s bient\u00f4t<\/span><\/p>\n<p><span style=\"color: #301d07;\">Marion<br \/>\n06 17 65 70 89<\/span><\/p>\n<\/div>","protected":false},"excerpt":{"rendered":"<p>Bonjour \u00e0 toutes et \u00e0 tous, Je me pr\u00e9sente, Marion Serraz, spa praticienne, esth\u00e9ticienne, masseuse. une exp\u00e9rience de 17 ans dont 7 \u00e0 Lille en tant que responsable du Spa Bain de Soi ( 2005 &#8211; 2012) Heureuse d&rsquo;\u00eatre install\u00e9e en Bourgogne \u00e0 Sainte Vertu depuis 2012 !. &nbsp; A tr\u00e8s bient\u00f4t Marion 06 17 [&hellip;]<\/p>\n","protected":false},"author":1,"featured_media":0,"parent":0,"menu_order":0,"comment_status":"closed","ping_status":"closed","template":"","meta":[],"_links":{"self":[{"href":"http:\/\/linstantserein.com\/index.php\/wp-json\/wp\/v2\/pages\/9"}],"collection":[{"href":"http:\/\/linstantserein.com\/index.php\/wp-json\/wp\/v2\/pages"}],"about":[{"href":"http:\/\/linstantserein.com\/index.php\/wp-json\/wp\/v2\/types\/page"}],"author":[{"embeddable":true,"href":"http:\/\/linstantserein.com\/index.php\/wp-json\/wp\/v2\/users\/1"}],"replies":[{"embeddable":true,"href":"http:\/\/linstantserein.com\/index.php\/wp-json\/wp\/v2\/comments?post=9"}],"version-history":[{"count":20,"href":"http:\/\/linstantserein.com\/index.php\/wp-json\/wp\/v2\/pages\/9\/revisions"}],"predecessor-version":[{"id":237,"href":"http:\/\/linstantserein.com\/index.php\/wp-json\/wp\/v2\/pages\/9\/revisions\/237"}],"wp:attachment":[{"href":"http:\/\/linstantserein.com\/index.php\/wp-json\/wp\/v2\/media?parent=9"}],"curies":[{"name":"wp","href":"https:\/\/api.w.org\/{rel}","templated":true}]}}

<div style="background-repeat: no-repeat;"><p><img decoding="async" loading="lazy" class="wp-image-200 size-medium alignright" src="http://linstantserein.com/wp-content/uploads/2017/12/cropped-orchidée-300x300.jpg" alt="" width="300" height="300" srcset="http://linstantserein.com/wp-content/uploads/2017/12/cropped-orchidée-300x300.jpg 300w, http://linstantserein.com/wp-content/uploads/2017/12/cropped-orchidée-150x150.jpg 150w, http://linstantserein.com/wp-content/uploads/2017/12/cropped-orchidée-230x230.jpg 230w, http://linstantserein.com/wp-content/uploads/2017/12/cropped-orchidée-350x350.jpg 350w, http://linstantserein.com/wp-content/uploads/2017/12/cropped-orchidée-480x480.jpg 480w, http://linstantserein.com/wp-content/uploads/2017/12/cropped-orchidée-270x270.jpg 270w, http://linstantserein.com/wp-content/uploads/2017/12/cropped-orchidée-192x192.jpg 192w, http://linstantserein.com/wp-content/uploads/2017/12/cropped-orchidée-180x180.jpg 180w, http://linstantserein.com/wp-content/uploads/2017/12/cropped-orchidée-32x32.jpg 32w, http://linstantserein.com/wp-content/uploads/2017/12/cropped-orchidée.jpg 512w" sizes="(max-width: 300px) 100vw, 300px" />Bonjour à toutes et à tous,</p>
<p>Je me présente, Marion Serraz, spa praticienne, esthéticienne, masseuse.<br />
une expérience de 17 ans dont 7 à Lille en tant que responsable du Spa Bain de Soi ( 2005 &#8211; 2012)<br />
Heureuse d&rsquo;être installée en Bourgogne à Sainte Vertu depuis 2012 !.</p>
<p>&nbsp;</p>
<p><span style="color: #301d07;">A très bientôt</span></p>
<p><span style="color: #301d07;">Marion<br />
06 17 65 70 89</span></p>
</div>

<p>Bonjour à toutes et à tous, Je me présente, Marion Serraz, spa praticienne, esthéticienne, masseuse. une expérience de 17 ans dont 7 à Lille en tant que responsable du Spa Bain de Soi ( 2005 &#8211; 2012) Heureuse d&rsquo;être installée en Bourgogne à Sainte Vertu depuis 2012 !. &nbsp; A très bientôt Marion 06 17 [&hellip;]</p>
